se 8, what is -5 + 15515?
15510
In base 3, what is 121122110 - -12?
121122122
In base 5, what is -1040421 - -10?
-1040411
In base 5, what is 2030 + 43?
2123
In base 16, what is -5 - -3464?
345f
In base 14, what is 1846 + 31?
1877
In base 5, what is -221141 - -2334?
-213302
In base 14, what is 4c77b - -1?
4c77c
In base 14, what is d + -8b36?
-8b27
In base 11, what is 33 + 1295?
1318
In base 13, what is 55 + bcc?
c54
In base 12, what is -2184b - -2?
-21849
In base 4, what is 203130 + -23323?
113201
In base 14, what is -90c + 7d?
-86d
In base 4, what is 301323213 - 11?
301323202
In base 13, what is 42a7 - 1b?
4289
In base 11, what is -59 - 6?
-64
In base 14, what is -200832 + -3?
-200835
In base 16, what is -c - 6?
-12
In base 15, what is 437c5c - 3?
437c59
In base 2, what is -101110110010100001 - 100?
-101110110010100101
In base 12, what is -19aa48 + 1?
-19aa47
In base 5, what is 1 + -100023?
-100022
In base 7, what is -115220 - -1?
-115216
In base 6, what is -53020 + -23?
-53043
In base 13, what is -2 + 2306?
2304
In base 12, what is -16 - 645?
-65b
In base 16, what is 23 + a68e?
a6b1
In base 11, what is -935 - -1?
-934
In base 6, what is -314110210 - 4?
-314110214
In base 3, what is 1022 - 21021200120?
-21021122021
In base 12, what is 14 - -a53?
a67
In base 15, what is 395a0 + -2?
3959d
In base 3, what is 110 + -2212221?
-2212111
In base 4, what is 10 + 200330222?
200330232
In base 9, what is 205 - 30?
165
In base 6, what is -3 + -205443?
-205450
In base 6, what is 105110 + -5?
105101
In base 5, what is 40403132 - 3?
40403124
In base 4, what is -122211 - -211?
-122000
In base 4, what is -11123 + 22?
-11101
In base 7, what is 334 - -315?
652
In base 10, what is -5185 + 40?
-5145
In base 10, what is 6 + 201417?
201423
In base 9, what is -121566 + 1?
-121565
In base 14, what is 1 + -1c?
-1b
In base 9, what is 164 - 76?
77
In base 5, what is -24124 + 1134?
-22440
In base 9, what is 615 + 4385?
5111
In base 14, what is -4d53 + -b?
-4d60
In base 10, what is 6 + 4816?
4822
In base 13, what is -cb - 1255?
-1353
In base 11, what is 9 + 53420?
53429
In base 2, what is 1101101 + 1010110110101001?
1010111000010110
In base 3, what is 121020212 + -10?
121020202
In base 8, what is 11626274 - 1?
11626273
In base 4, what is -31 + 1033200?
1033103
In base 5, what is 104 + -222031?
-221422
In base 3, what is -112100 - 220?
-120020
In base 11, what is 3811a7 + 2?
3811a9
In base 3, what is 1 - -100022210020?
100022210021
In base 6, what is -2125310 + -24?
-2125334
In base 5, what is -10 + 104313?
104303
In base 13, what is a - 1b55?
-1b48
In base 2, what is 101010 + 100011111?
101001001
In base 11, what is 713 + 8?
720
In base 14, what is -20dd6 - -2?
-20dd4
In base 10, what is 29 + -633?
-604
In base 13, what is 10c + -5715?
-5606
In base 16, what is -2 + 49d6?
49d4
In base 7, what is -40626 - -454?
-40142
In base 15, what is 2cb - 2b3?
18
In base 5, what is -1210423 + 23?
-1210400
In base 15, what is -db2 + 3?
-dae
In base 9, what is 7728 - -14?
7743
In base 4, what is -11 - -3331212?
3331201
In base 2, what is -11000001010000 - -10000?
-11000001000000
In base 8, what is -1243 + 56?
-1165
In base 13, what is c307 - -10?
c317
In base 6, what is -10404 + 1012?
-5352
In base 6, what is 15 - -43210?
43225
In base 2, what is 10011110010101 - 100100?
10011101110001
In base 13, what is -1487 + -1?
-1488
In base 11, what is -342 + 121a?
988
In base 11, what is -2177 - 20?
-2197
In base 14, what is -424 - 18?
-43c
In base 5, what is 213022 - -11114?
224141
In base 4, what is 133120 - 3?
133111
In base 12, what is 16 + -298?
-282
In base 8, what is 10175 + 1?
10176
In base 7, what is -11 + -1610?
-1621
In base 2, what is 1 - 111001001000110000?
-111001001000101111
In base 5, what is 1 + -3113132?
-3113131
In base 4, what is 103 + 10110300?
10111003
In base 16, what is -4 - -2aa3?
2a9f
In base 13, what is 10809a + -1?
108099
In base 5, what is 2 + -41400?
-41343
In base 2, what is 101001110 + -100100111?
100111
In base 2, what is -1000 + 1000110101101?
1000110100101
In base 15, what is 11 - -248d?
249e
In base 14, what is -1d3c5 - -2?
-1d3c3
In base 5, what is -304 + 10331?
10022
In base 2, what is 10110110110111 - -101001?
10110111100000
In base 10, what is -537 + 123?
-414
In base 2, what is -101110001100011 - -1101?
-101110001010110
In base 12, what is 4492 + 16?
44a8
In base 12, what is -11a29 - -1?
-11a28
In base 7, what is 12 - 144203?
-144161
In base 8, what is -113164 + -7?
-113173
In base 5, what is -3 - -243100?
243042
In base 2, what is -11 - -1100111101010?
1100111100111
In base 4, what is 213230311 - -1?
213230312
In base 10, what is -19943 - 11?
-19954
In base 8, what is -3311 - 165?
-3476
In base 10, what is -4364 + 32?
-4332
In base 12, what is -5 + -118151?
-118156
In base 4, what is -10 - 110201?
-110211
In base 11, what is 1581 - -45?
1616
In base 4, what is -33 - 203030?
-203123
In base 15, what is -3cd3 + 1c?
-3cb6
In base 11, what is -a30 + 363?
-678
In base 11, what is 5 - -9469?
9473
In base 9, what is -4 - 46267?
-46272
In base 10, what is 7444 + -6?
7438
In base 10, what is -113 - 277?
-390
In base 10, what is -32809 - 32?
-32841
In base 6, what is 24441534 + -1?
24441533
In base 7, what is 35125 - -401?
35526
In base 12, what is 37a + -57?
323
In base 2, what is 1101 - 10011010100?
-10011000111
In base 6, what is 40150510 - -4?
40150514
In base 15, what is -4b3119 + -2?
-4b311b
In base 3, what is -210210010 + 2001?
-210201002
In base 2, what is -100011 - -100100001?
11111110
In base 8, what is 2107163 - 0?
2107163
In base 3, what is -120 + 101101021?
101100201
In base 10, what is 547 - 156?
391
In base 13, what is 3956 - 25?
3931
In base 16, what is -27fd5 + 4?
-27fd1
In base 8, what is -3 - -3155154?
3155151
In base 14, what is -3 + -92b42?
-92b45
In base 6, what is -41053124 - -1?
-41053123
In base 15, what is e4ae2 + 2?
e4ae4
In base 9, what is 273230 - -20?
273250
In base 5, what is 1430 + 1031?
3011
In base 2, what is 10000101 - 100001000?
-10000011
In base 16, what is 7 + 132a?
1331
In base 5, what is -320 - -4023?
3203
In base 2, what is -11 - -10000010001000101100?
10000010001000101001
In base 4, what is -33032 + -3030?
-102122
In base 12, what is 3 + 76a3?
76a6
In base 15, what is 24b6 + -33?
2483
In base 14, what is -5d70b + -4?
-5d711
In base 6, what is 4 - -5340113?
5340121
In base 7, what is 4 - 114530?
-114523
In base 7, what is 6 - 10653?
-10644
In base 8, what is -112430 - -16?
-112412
In base 15, what is 3 + -1b9d4?
-1b9d1
In base 13, what is 6139 + -2?
6137
In base 3, what is -10 - 2012211210?
-2012211220
In base 4, what is 2 - -1030020032?
1030020100
In base 6, what is 43155 + 5?
43204
In base 12, what is 1 + 134417?
134418
In base 5, what is -120023 - 13?
-120041
In base 3, what is 1110012 + -1020022?
12220
In base 16, what is 5 - -98748?
9874d
In base 3, what is 0 - 1012221121?
-1012221121
In base 6, what is -233 + -1530?
-2203
In base 16, what is 58d63 + -4?
58d5f
In base 5, what is -3 + 2242244?
2242241
In base 15, what is 4 + -67b5?
-67b1
In base 15, what is -1470b - 21?
-1472c
In base 7, what is 153 + -54514?
-54331
In base 8, what is -555 + -20061?
-20636
In base 4, what is -1101 + 211233?
210132
In base 2, what is 11110111000000 - 1?
11110110111111
In base 15, what is 1761 - -3?
1764
In base 7, what is -1312 - 10?
-1322
In base 7, what is -436 + 410?
-26
In base 9, what is -444 + -288?
-743
In base 4, what is -11 - -110222002?
110221331
In base 16, what is -2 - 97437?
-97439
In base 6, what is -2310 + -1355?
-4105
In base 3, what is 202111201 + 102?
202112010
In base 15, what is -b189c8 - 1?
-b189c9
In base 9, what is 141531 - 78?
141442
In base 9, what is 5051 - 218?
4732
In base 13, what is 2bc65 + -8?
2bc5a
In base 9, what is 4 - -42841?
42845
In base 14, what is c + 11dc?
120a
In base 11, what is -1 + -6322?
-6323
In base 9, what is 23 + -46854?
-46831
In base 8, what is -1 + -315145?
-315146
In base 13, what is 2 + 128cc?
12901
In base 14, what is 625 + 47b?
aa2
In base 13, what is 587 + -471?
116
In base 16, what is 2 + -8da1?
-8d9f
In base 15, what is 4 - -c03?
c07
In base 4, what is -2211013120 + 3?
-2211013111
In base 10, what is 5145 + -516?
4629
In base 15, what is -1b73 + e?
-1b64
In base 16, what is -6